mposite?
False
Is 36973 a composite number?
False
Is 112709 prime?
False
Is 53987 prime?
True
Is 1012021 a composite number?
True
Is 694781 a composite number?
False
Is 1018 a composite number?
True
Is 265657 prime?
False
Is 192327 a composite number?
True
Is 1043147 a composite number?
True
Is 1903 a prime number?
False
Is 39469 a prime number?
False
Is 6598 composite?
True
Is 198143 a prime number?
False
Is 1739087 a prime number?
False
Is 12809 a prime number?
True
Is 67901 composite?
False
Is 4357 composite?
False
Is 837043 composite?
False
Is 7555 a composite number?
True
Is 145529 composite?
True
Is 77191 prime?
True
Is 2723 a prime number?
False
Is 620627 a prime number?
False
Is 585139 prime?
False
Is 54611 composite?
True
Is 51953 prime?
False
Is 28637 a prime number?
False
Is 14489 composite?
False
Is 6421 a prime number?
True
Is 97919 a prime number?
True
Is 1392769 composite?
True
Is 1543 prime?
True
Is 150131 prime?
True
Is 10847 a prime number?
True
Is 322211 a prime number?
False
Is 2413 a prime number?
False
Is 112831 a prime number?
True
Is 2267971 a composite number?
False
Is 462377 a composite number?
False
Is 86767 prime?
True
Is 114371 composite?
False
Is 10037 composite?
False
Is 118853 a composite number?
True
Is 3037 a prime number?
True
Is 75931 a composite number?
False
Is 13487 a composite number?
False
Is 111761 prime?
False
Is 15659 composite?
True
Is 10409 composite?
True
Is 96581 a prime number?
True
Is 11631 composite?
True
Is 76079 a prime number?
True
Is 1607089 a composite number?
True
Is 5779 a composite number?
False
Is 1961 a composite number?
True
Is 270638 prime?
False
Is 46103 a composite number?
False
Is 13517 composite?
True
Is 2167663 a composite number?
True
Is 344573 composite?
True
Is 690787 composite?
False
Is 39533 composite?
True
Is 6559 a composite number?
True
Is 17011 composite?
False
Is 24029 a composite number?
False
Is 18839 prime?
True
Is 6319 a composite number?
True
Is 907 a composite number?
False
Is 22639 a composite number?
False
Is 67937 composite?
True
Is 10261 a prime number?
False
Is 87 prime?
False
Is 4471 a composite number?
True
Is 8997 a prime number?
False
Is 763 a composite number?
True
Is 631 composite?
False
Is 17539 prime?
True
Is 229739 a composite number?
False
Is 113107 prime?
False
Is 13571 a prime number?
False
Is 9609 prime?
False
Is 3593 a prime number?
True
Is 327 prime?
False
Is 241349 composite?
True
Is 493341 prime?
False
Is 593509 a composite number?
True
Is 6947 prime?
True
Is 116299 a prime number?
False
Is 1277 prime?
True
Is 140659 composite?
False
Is 7117 composite?
True
Is 1039 prime?
True
Is 118334 a prime number?
False
Is 113621 composite?
False
Is 630303 prime?
False
Is 10369 composite?
False
Is 16673 prime?
True
Is 39439 composite?
False
Is 127031 a prime number?
True
Is 57055 a prime number?
False
Is 27007 a prime number?
False
Is 3095 composite?
True
Is 53759 prime?
True
Is 1151 prime?
True
Is 473 prime?
False
Is 6113 composite?
False
Is 14621 composite?
False
Is 33639 composite?
True
Is 8309 prime?
False
Is 200971 prime?
True
Is 65411 a prime number?
False
Is 379 a prime number?
True
Is 19069 a prime number?
True
Is 138917 prime?
True
Is 3554 prime?
False
Is 134321 a prime number?
False
Is 494366 prime?
False
Is 8665 prime?
False
Is 588703 composite?
False
Is 52133 a composite number?
True
Is 19661 a prime number?
True
Is 17077 a prime number?
True
Is 16145 a composite number?
True
Is 9199 a composite number?
False
Is 101642 a prime number?
False
Is 53837 a prime number?
False
Is 2785 a prime number?
False
Is 9223 prime?
False
Is 2653 a prime number?
False
Is 3419 a prime number?
False
Is 24191 a prime number?
False
Is 15661 prime?
True
Is 80267 composite?
True
Is 360421 composite?
False
Is 1502 a prime number?
False
Is 3989 a prime number?
True
Is 2227 composite?
True
Is 607885 prime?
False
Is 10727 prime?
False
Is 51257 a composite number?
False
Is 211018 prime?
False
Is 49615 a prime number?
False
Is 84829 composite?
True
Is 248681 a composite number?
True
Is 24071 a composite number?
False
Is 98033 composite?
True
Is 2321 composite?
True
Is 1113254 a composite number?
True
Is 75079 composite?
False
Is 11917 composite?
True
Is 6103 composite?
True
Is 683 a prime number?
True
Is 145402 composite?
True
Is 14281 a prime number?
True
Is 134471 composite?
False
Is 2371 a composite number?
False
Is 103787 a composite number?
False
Is 66751 prime?
True
Is 3087553 prime?
False
Is 261917 a composite number?
False
Is 332213 composite?
True
Is 52879 a prime number?
True
Is 435849 a composite number?
True
Is 207265 composite?
True
Is 4022 prime?
False
Is 416989 a composite number?
False
Is 514 a composite number?
True
Is 142178 a prime number?
False
Is 293 prime?
True
Is 8003 a composite number?
True
Is 13217 composite?
False
Is 3316207 a prime number?
False
Is 3959 a composite number?
True
Is 2949 composite?
True
Is 83507 a composite number?
True
Is 800963 composite?
True
Is 2333 composite?
False
Is 550903 a prime number?
True
Is 63211 prime?
True
Is 25429 a prime number?
False
Is 57413 composite?
False
Is 7001 prime?
True
Is 20063 prime?
True
Is 49573 a composite number?
True
Is 3715031 composite?
False
Is 1883 composite?
True
Is 3031 composite?
True
Is 509001 prime?
False
Is 187039 a prime number?
False
Is 4493 a prime number?
True
Is 197339 a composite number?
False
Is 159787 a prime number?
True
Is 10291 prime?
False
Is 14863 prime?
False
Is 1192333 prime?
False
Is 291779 composite?
False
Is 311623 prime?
False
Is 54137 composite?
True
Is 78977 composite?
False
Is 15467 composite?
False
Is 653243 composite?
False
Is 8311 a composite number?
False
Is 11665 composite?
True
Is 64217 a prime number?
True
Is 202313 a composite number?
True
Is 118709 prime?
True
Is 433337 prime?
True
Is 20477 prime?
True
Is 10471 composite?
True
Is 99761 prime?
True
Is 20626 a composite number?
True
Is 8923 prime?
True
Is 1427737 prime?
True
Is 375623 prime?
True
Is 43189 composite?
False
Is 2785 prime?
False
Is 308713 composite?
False
Is 46429 a composite number?
True
Is 292693 a composite number?
False
Is 712457 a composite number?
True
Is 14489 prime?
True
Is 358349 prime?
True
Is 4031 a composite number?
True
Is 1088011 a composite number?
True
Is 308431 a prime number?
False
Is 4571 composite?
True
Is 34633 prime?
False
Is 7583 a prime number?
True
Is 186307 composite?
True
Is 76303 composite?
False
Is 87209 composite?
True
Is 631671 a prime number?
False
Is 6349 composite?
True
Is 429941 a composite number?
True
Is 2182 prime?
False
Is 1368595 prime?
False
Is 19111 composite?
True
Is 2629 a prime number?
False
Is 11183 a composite number?
True
Is 13163 composite?
False
Is 11777 a prime number?
True
Is 11599 a composite number?
True
Is 116579 a prime number?
True
Is 16438 a composite number?
True
Is 195823 composite?
True
Is 1935899 a prime number?
False
Is 71417 a composite number?
True
Is 11963 composite?
True
Is 371879 composite?
True
Is 184271 a composite number?
False
Is 1037167 composite?
True
Is 6469 composite?
False
Is 12461 composite?
True
Is 127529 a prime number?
True
Is 36629 a composite number?
False
Is 7311 a composite number?
True
Is 8057 a composite number?
True
Is 2503 prime?
True
Is 2282906 a composite number?
True
Is 307 a prime number?
True
Is 1351 prime?
False
Is 2974226 a composite number?
True
Is 52471 prime?
False
Is 53069 composite?
False
Is 27595 prime?
False
Is 68923 a prime number?
False
Is 416729 a prime number?
False
Is 527 a composite number?
True
Is 62438 a composite number?
True
Is 731 composite?
True
Is 5469 composite?
True
Is 346727 a composite number?
True
Is 12821 prime?
True
Is 84583 composite?
True
Is 95539 a prime number?
True
Is 1151 prime?
True
Is 82081 composite?
True
Is 216023 prime?
True
Is 410129 prime?
False
Is 103613 composite?
False
Is 575303 a prime number?
True
Is 128665 a composite number?
True
Is 10771 a prime number?
True
Is 149689 a prime number?
True
Is 896669 composite?
False
Is 930819 prime?
False
Is 751 a composite number?
False
Is 393847 prime?
True
Is 7098713 composite?
False
Is 1227 a composite number?
True
Is 9107 prime?
False
Is 4111 composite?
False
Is 59765 a prime number?
False
Is 32101 a prime n